{"id":11183,"date":"2021-08-16T19:04:58","date_gmt":"2021-08-16T19:04:58","guid":{"rendered":"https:\/\/demokraatlikliikumine.ee\/?post_type=dokumendid&#038;p=11183"},"modified":"2021-09-01T10:58:52","modified_gmt":"2021-09-01T10:58:52","slug":"vii-edl-i-eesmargid-vene-okupatsiooni-perioodil","status":"publish","type":"dokumendid","link":"https:\/\/demokraatlikliikumine.ee\/en\/dokumendid\/eesti-demokraatliku-liikumise-edl-programm\/vii-edl-i-eesmargid-vene-okupatsiooni-perioodil\/","title":{"rendered":"VII  EDL-i eesm\u00e4rgid vene okupatsiooni perioodil"},"content":{"rendered":"<p>128. Eesti rahva k\u00f5ikide j\u00f5udude koondamine vastupanuks v\u00e4lismaisele okupatsioonile, eesm\u00e4rkide selgitamine, v\u00f5itlusvaimu t\u00f5stmine, rahvusliku- ja \u00fclddemokraatia ideede levitamine.<br \/>\n129. Pideva ja leppimatu v\u00f5itluse hoogustamine totalitaarse okupatsioonire\u017eiimiga. K\u00f5ikide legaalsete ja illegaalsete v\u00f5itlusvormide kasutamine kuni Eestimaa t\u00e4ieliku vabastamiseni vene suurriiklikust diktatuurist.<br \/>\n130. Avaliku arvamuse kujundamine, talumatu \u00f5hkkonna loomine okupatsioonire\u017eiimi esindajate, re\u017eiimi soosijate, alandlike k\u00e4sut\u00e4itjate ja karjeristide \u00fcmber.<br \/>\n131. Okupatsioonire\u017eiimi poolt rahva ja \u00fcksikisikute vastu tehtud ja tehtavate k\u00f5igi kuritegude paljastamine.<br \/>\n132. Valitsevast kultuuri- ja hariduspoliitikast eraldatud kultuuri- ja haridustegevuse loomine. Kommunistliku re\u017eiimi poolt juurdepoogitava pseudokultuuri m\u00f5jude neutraliseerimine.<br \/>\n133. S\u00f5pruse, solidaarsuse ja koost\u00f6\u00f6 tugevdamine k\u00f5igi N\u00f5uk. Liidu ikestatud maade rahvuslike vabastusj\u00f5ududega.<br \/>\n134. Baltimaade (Eesti-L\u00e4ti-Leedu) \u00fchtse rahvuslike vabastusj\u00f5udude bloki loomine.<br \/>\n135. \u00dcksteisem\u00f5istmise ja solidaarsuse s\u00fcvendamine nende vene demokraatlike j\u00f5ududega, kes v\u00f5itlevad n\u00f5ukogude vene suurriikluse ja totalitarismi vastu.<\/p>\n","protected":false},"excerpt":{"rendered":"<p>128. Eesti rahva k\u00f5ikide j\u00f5udude koondamine vastupanuks v\u00e4lismaisele okupatsioonile, eesm\u00e4rkide selgitamine, v\u00f5itlusvaimu t\u00f5stmine, rahvusliku- ja \u00fclddemokraatia ideede levitamine. 129. Pideva<\/p>\n","protected":false},"featured_media":0,"parent":11216,"menu_order":0,"template":"","format":"standard","meta":{"_acf_changed":false,"footnotes":""},"autorid":[89],"aasta":[90],"valjaanne":[],"toimiku_number":[],"class_list":["post-11183","dokumendid","type-dokumendid","status-publish","format-standard","hentry","autorid-eesti-demokraatlik-liikumine","aasta-90"],"acf":[],"yoast_head":"<!-- This site is optimized with the Yoast SEO plugin v25.8 - https:\/\/yoast.com\/wordpress\/plugins\/seo\/ -->\n<title>VII EDL-i eesm\u00e4rgid vene okupatsiooni perioodil - Demokraatlik liikumine<\/title>\n<meta name=\"robots\" content=\"index, follow, max-snippet:-1, max-image-preview:large, max-video-preview:-1\" \/>\n<link rel=\"canonical\" href=\"https:\/\/demokraatlikliikumine.ee\/en\/dokumendid\/eesti-demokraatliku-liikumise-edl-programm\/vii-edl-i-eesmargid-vene-okupatsiooni-perioodil\/\" \/>\n<meta property=\"og:locale\" content=\"en_US\" \/>\n<meta property=\"og:type\" content=\"article\" \/>\n<meta property=\"og:title\" content=\"VII EDL-i eesm\u00e4rgid vene okupatsiooni perioodil - Demokraatlik liikumine\" \/>\n<meta property=\"og:description\" content=\"128. Eesti rahva k\u00f5ikide j\u00f5udude koondamine vastupanuks v\u00e4lismaisele okupatsioonile, eesm\u00e4rkide selgitamine, v\u00f5itlusvaimu t\u00f5stmine, rahvusliku- ja \u00fclddemokraatia ideede levitamine. 129. Pideva\" \/>\n<meta property=\"og:url\" content=\"https:\/\/demokraatlikliikumine.ee\/en\/dokumendid\/eesti-demokraatliku-liikumise-edl-programm\/vii-edl-i-eesmargid-vene-okupatsiooni-perioodil\/\" \/>\n<meta property=\"og:site_name\" content=\"Demokraatlik liikumine\" \/>\n<meta property=\"article:modified_time\" content=\"2021-09-01T10:58:52+00:00\" \/>\n<meta name=\"twitter:card\" content=\"summary_large_image\" \/>\n<meta name=\"twitter:label1\" content=\"Est. reading time\" \/>\n\t<meta name=\"twitter:data1\" content=\"1 minute\" \/>\n<script type=\"application\/ld+json\" class=\"yoast-schema-graph\">{\"@context\":\"https:\/\/schema.org\",\"@graph\":[{\"@type\":\"WebPage\",\"@id\":\"https:\/\/demokraatlikliikumine.ee\/en\/dokumendid\/eesti-demokraatliku-liikumise-edl-programm\/vii-edl-i-eesmargid-vene-okupatsiooni-perioodil\/\",\"url\":\"https:\/\/demokraatlikliikumine.ee\/en\/dokumendid\/eesti-demokraatliku-liikumise-edl-programm\/vii-edl-i-eesmargid-vene-okupatsiooni-perioodil\/\",\"name\":\"VII EDL-i eesm\u00e4rgid vene okupatsiooni perioodil - Demokraatlik liikumine\",\"isPartOf\":{\"@id\":\"https:\/\/demokraatlikliikumine.ee\/en\/#website\"},\"datePublished\":\"2021-08-16T19:04:58+00:00\",\"dateModified\":\"2021-09-01T10:58:52+00:00\",\"breadcrumb\":{\"@id\":\"https:\/\/demokraatlikliikumine.ee\/en\/dokumendid\/eesti-demokraatliku-liikumise-edl-programm\/vii-edl-i-eesmargid-vene-okupatsiooni-perioodil\/#breadcrumb\"},\"inLanguage\":\"en-US\",\"potentialAction\":[{\"@type\":\"ReadAction\",\"target\":[\"https:\/\/demokraatlikliikumine.ee\/en\/dokumendid\/eesti-demokraatliku-liikumise-edl-programm\/vii-edl-i-eesmargid-vene-okupatsiooni-perioodil\/\"]}]},{\"@type\":\"BreadcrumbList\",\"@id\":\"https:\/\/demokraatlikliikumine.ee\/en\/dokumendid\/eesti-demokraatliku-liikumise-edl-programm\/vii-edl-i-eesmargid-vene-okupatsiooni-perioodil\/#breadcrumb\",\"itemListElement\":[{\"@type\":\"ListItem\",\"position\":1,\"name\":\"Home\",\"item\":\"https:\/\/demokraatlikliikumine.ee\/en\/\"},{\"@type\":\"ListItem\",\"position\":2,\"name\":\"Eesti Demokraatliku Liikumise (EDL) Programm\",\"item\":\"https:\/\/demokraatlikliikumine.ee\/en\/dokumendid\/eesti-demokraatliku-liikumise-edl-programm\/\"},{\"@type\":\"ListItem\",\"position\":3,\"name\":\"VII EDL-i eesm\u00e4rgid vene okupatsiooni perioodil\"}]},{\"@type\":\"WebSite\",\"@id\":\"https:\/\/demokraatlikliikumine.ee\/en\/#website\",\"url\":\"https:\/\/demokraatlikliikumine.ee\/en\/\",\"name\":\"Demokraatlik liikumine\",\"description\":\"Just another WordPress site\",\"potentialAction\":[{\"@type\":\"SearchAction\",\"target\":{\"@type\":\"EntryPoint\",\"urlTemplate\":\"https:\/\/demokraatlikliikumine.ee\/en\/?s={search_term_string}\"},\"query-input\":{\"@type\":\"PropertyValueSpecification\",\"valueRequired\":true,\"valueName\":\"search_term_string\"}}],\"inLanguage\":\"en-US\"}]}<\/script>\n<!-- \/ Yoast SEO plugin. -->","yoast_head_json":{"title":"VII EDL-i eesm\u00e4rgid vene okupatsiooni perioodil - Demokraatlik liikumine","robots":{"index":"index","follow":"follow","max-snippet":"max-snippet:-1","max-image-preview":"max-image-preview:large","max-video-preview":"max-video-preview:-1"},"canonical":"https:\/\/demokraatlikliikumine.ee\/en\/dokumendid\/eesti-demokraatliku-liikumise-edl-programm\/vii-edl-i-eesmargid-vene-okupatsiooni-perioodil\/","og_locale":"en_US","og_type":"article","og_title":"VII EDL-i eesm\u00e4rgid vene okupatsiooni perioodil - Demokraatlik liikumine","og_description":"128. Eesti rahva k\u00f5ikide j\u00f5udude koondamine vastupanuks v\u00e4lismaisele okupatsioonile, eesm\u00e4rkide selgitamine, v\u00f5itlusvaimu t\u00f5stmine, rahvusliku- ja \u00fclddemokraatia ideede levitamine. 129. Pideva","og_url":"https:\/\/demokraatlikliikumine.ee\/en\/dokumendid\/eesti-demokraatliku-liikumise-edl-programm\/vii-edl-i-eesmargid-vene-okupatsiooni-perioodil\/","og_site_name":"Demokraatlik liikumine","article_modified_time":"2021-09-01T10:58:52+00:00","twitter_card":"summary_large_image","twitter_misc":{"Est. reading time":"1 minute"},"schema":{"@context":"https:\/\/schema.org","@graph":[{"@type":"WebPage","@id":"https:\/\/demokraatlikliikumine.ee\/en\/dokumendid\/eesti-demokraatliku-liikumise-edl-programm\/vii-edl-i-eesmargid-vene-okupatsiooni-perioodil\/","url":"https:\/\/demokraatlikliikumine.ee\/en\/dokumendid\/eesti-demokraatliku-liikumise-edl-programm\/vii-edl-i-eesmargid-vene-okupatsiooni-perioodil\/","name":"VII EDL-i eesm\u00e4rgid vene okupatsiooni perioodil - Demokraatlik liikumine","isPartOf":{"@id":"https:\/\/demokraatlikliikumine.ee\/en\/#website"},"datePublished":"2021-08-16T19:04:58+00:00","dateModified":"2021-09-01T10:58:52+00:00","breadcrumb":{"@id":"https:\/\/demokraatlikliikumine.ee\/en\/dokumendid\/eesti-demokraatliku-liikumise-edl-programm\/vii-edl-i-eesmargid-vene-okupatsiooni-perioodil\/#breadcrumb"},"inLanguage":"en-US","potentialAction":[{"@type":"ReadAction","target":["https:\/\/demokraatlikliikumine.ee\/en\/dokumendid\/eesti-demokraatliku-liikumise-edl-programm\/vii-edl-i-eesmargid-vene-okupatsiooni-perioodil\/"]}]},{"@type":"BreadcrumbList","@id":"https:\/\/demokraatlikliikumine.ee\/en\/dokumendid\/eesti-demokraatliku-liikumise-edl-programm\/vii-edl-i-eesmargid-vene-okupatsiooni-perioodil\/#breadcrumb","itemListElement":[{"@type":"ListItem","position":1,"name":"Home","item":"https:\/\/demokraatlikliikumine.ee\/en\/"},{"@type":"ListItem","position":2,"name":"Eesti Demokraatliku Liikumise (EDL) Programm","item":"https:\/\/demokraatlikliikumine.ee\/en\/dokumendid\/eesti-demokraatliku-liikumise-edl-programm\/"},{"@type":"ListItem","position":3,"name":"VII EDL-i eesm\u00e4rgid vene okupatsiooni perioodil"}]},{"@type":"WebSite","@id":"https:\/\/demokraatlikliikumine.ee\/en\/#website","url":"https:\/\/demokraatlikliikumine.ee\/en\/","name":"Demokraatlik liikumine","description":"Just another WordPress site","potentialAction":[{"@type":"SearchAction","target":{"@type":"EntryPoint","urlTemplate":"https:\/\/demokraatlikliikumine.ee\/en\/?s={search_term_string}"},"query-input":{"@type":"PropertyValueSpecification","valueRequired":true,"valueName":"search_term_string"}}],"inLanguage":"en-US"}]}},"_links":{"self":[{"href":"https:\/\/demokraatlikliikumine.ee\/en\/wp-json\/wp\/v2\/dokumendid\/11183","targetHints":{"allow":["GET"]}}],"collection":[{"href":"https:\/\/demokraatlikliikumine.ee\/en\/wp-json\/wp\/v2\/dokumendid"}],"about":[{"href":"https:\/\/demokraatlikliikumine.ee\/en\/wp-json\/wp\/v2\/types\/dokumendid"}],"version-history":[{"count":3,"href":"https:\/\/demokraatlikliikumine.ee\/en\/wp-json\/wp\/v2\/dokumendid\/11183\/revisions"}],"predecessor-version":[{"id":11337,"href":"https:\/\/demokraatlikliikumine.ee\/en\/wp-json\/wp\/v2\/dokumendid\/11183\/revisions\/11337"}],"up":[{"embeddable":true,"href":"https:\/\/demokraatlikliikumine.ee\/en\/wp-json\/wp\/v2\/dokumendid\/11216"}],"wp:attachment":[{"href":"https:\/\/demokraatlikliikumine.ee\/en\/wp-json\/wp\/v2\/media?parent=11183"}],"wp:term":[{"taxonomy":"autorid","embeddable":true,"href":"https:\/\/demokraatlikliikumine.ee\/en\/wp-json\/wp\/v2\/autorid?post=11183"},{"taxonomy":"aasta","embeddable":true,"href":"https:\/\/demokraatlikliikumine.ee\/en\/wp-json\/wp\/v2\/aasta?post=11183"},{"taxonomy":"valjaanne","embeddable":true,"href":"https:\/\/demokraatlikliikumine.ee\/en\/wp-json\/wp\/v2\/valjaanne?post=11183"},{"taxonomy":"toimiku_number","embeddable":true,"href":"https:\/\/demokraatlikliikumine.ee\/en\/wp-json\/wp\/v2\/toimiku_number?post=11183"}],"curies":[{"name":"wp","href":"https:\/\/api.w.org\/{rel}","templated":true}]}}

VII  EDL-i eesmärgid vene okupatsiooni perioodil

<p>128. Eesti rahva kõikide jõudude koondamine vastupanuks välismaisele okupatsioonile, eesmärkide selgitamine, võitlusvaimu tõstmine, rahvusliku- ja ülddemokraatia ideede levitamine.<br />
129. Pideva ja leppimatu võitluse hoogustamine totalitaarse okupatsioonirežiimiga. Kõikide legaalsete ja illegaalsete võitlusvormide kasutamine kuni Eestimaa täieliku vabastamiseni vene suurriiklikust diktatuurist.<br />
130. Avaliku arvamuse kujundamine, talumatu õhkkonna loomine okupatsioonirežiimi esindajate, režiimi soosijate, alandlike käsutäitjate ja karjeristide ümber.<br />
131. Okupatsioonirežiimi poolt rahva ja üksikisikute vastu tehtud ja tehtavate kõigi kuritegude paljastamine.<br />
132. Valitsevast kultuuri- ja hariduspoliitikast eraldatud kultuuri- ja haridustegevuse loomine. Kommunistliku režiimi poolt juurdepoogitava pseudokultuuri mõjude neutraliseerimine.<br />
133. Sõpruse, solidaarsuse ja koostöö tugevdamine kõigi Nõuk. Liidu ikestatud maade rahvuslike vabastusjõududega.<br />
134. Baltimaade (Eesti-Läti-Leedu) ühtse rahvuslike vabastusjõudude bloki loomine.<br />
135. Üksteisemõistmise ja solidaarsuse süvendamine nende vene demokraatlike jõududega, kes võitlevad nõukogude vene suurriikluse ja totalitarismi vastu.</p>

<p>128. Eesti rahva kõikide jõudude koondamine vastupanuks välismaisele okupatsioonile, eesmärkide selgitamine, võitlusvaimu tõstmine, rahvusliku- ja ülddemokraatia ideede levitamine. 129. Pideva</p>

<!-- This site is optimized with the Yoast SEO plugin v25.8 - https://yoast.com/wordpress/plugins/seo/ -->
<title>VII EDL-i eesmärgid vene okupatsiooni perioodil - Demokraatlik liikumine</title>
<meta name="robots" content="index, follow, max-snippet:-1, max-image-preview:large, max-video-preview:-1" />
<link rel="canonical" href="https://demokraatlikliikumine.ee/en/dokumendid/eesti-demokraatliku-liikumise-edl-programm/vii-edl-i-eesmargid-vene-okupatsiooni-perioodil/" />
<meta property="og:locale" content="en_US" />
<meta property="og:type" content="article" />
<meta property="og:title" content="VII EDL-i eesmärgid vene okupatsiooni perioodil - Demokraatlik liikumine" />
<meta property="og:description" content="128. Eesti rahva kõikide jõudude koondamine vastupanuks välismaisele okupatsioonile, eesmärkide selgitamine, võitlusvaimu tõstmine, rahvusliku- ja ülddemokraatia ideede levitamine. 129. Pideva" />
<meta property="og:url" content="https://demokraatlikliikumine.ee/en/dokumendid/eesti-demokraatliku-liikumise-edl-programm/vii-edl-i-eesmargid-vene-okupatsiooni-perioodil/" />
<meta property="og:site_name" content="Demokraatlik liikumine" />
<meta property="article:modified_time" content="2021-09-01T10:58:52+00:00" />
<meta name="twitter:card" content="summary_large_image" />
<meta name="twitter:label1" content="Est. reading time" />
	<meta name="twitter:data1" content="1 minute" />
<script type="application/ld+json" class="yoast-schema-graph">{"@context":"https://schema.org","@graph":[{"@type":"WebPage","@id":"https://demokraatlikliikumine.ee/en/dokumendid/eesti-demokraatliku-liikumise-edl-programm/vii-edl-i-eesmargid-vene-okupatsiooni-perioodil/","url":"https://demokraatlikliikumine.ee/en/dokumendid/eesti-demokraatliku-liikumise-edl-programm/vii-edl-i-eesmargid-vene-okupatsiooni-perioodil/","name":"VII EDL-i eesmärgid vene okupatsiooni perioodil - Demokraatlik liikumine","isPartOf":{"@id":"https://demokraatlikliikumine.ee/en/#website"},"datePublished":"2021-08-16T19:04:58+00:00","dateModified":"2021-09-01T10:58:52+00:00","breadcrumb":{"@id":"https://demokraatlikliikumine.ee/en/dokumendid/eesti-demokraatliku-liikumise-edl-programm/vii-edl-i-eesmargid-vene-okupatsiooni-perioodil/#breadcrumb"},"inLanguage":"en-US","potentialAction":[{"@type":"ReadAction","target":["https://demokraatlikliikumine.ee/en/dokumendid/eesti-demokraatliku-liikumise-edl-programm/vii-edl-i-eesmargid-vene-okupatsiooni-perioodil/"]}]},{"@type":"BreadcrumbList","@id":"https://demokraatlikliikumine.ee/en/dokumendid/eesti-demokraatliku-liikumise-edl-programm/vii-edl-i-eesmargid-vene-okupatsiooni-perioodil/#breadcrumb","itemListElement":[{"@type":"ListItem","position":1,"name":"Home","item":"https://demokraatlikliikumine.ee/en/"},{"@type":"ListItem","position":2,"name":"Eesti Demokraatliku Liikumise (EDL) Programm","item":"https://demokraatlikliikumine.ee/en/dokumendid/eesti-demokraatliku-liikumise-edl-programm/"},{"@type":"ListItem","position":3,"name":"VII EDL-i eesmärgid vene okupatsiooni perioodil"}]},{"@type":"WebSite","@id":"https://demokraatlikliikumine.ee/en/#website","url":"https://demokraatlikliikumine.ee/en/","name":"Demokraatlik liikumine","description":"Just another WordPress site","potentialAction":[{"@type":"SearchAction","target":{"@type":"EntryPoint","urlTemplate":"https://demokraatlikliikumine.ee/en/?s={search_term_string}"},"query-input":{"@type":"PropertyValueSpecification","valueRequired":true,"valueName":"search_term_string"}}],"inLanguage":"en-US"}]}</script>
<!-- / Yoast SEO plugin. -->

VII EDL-i eesmärgid vene okupatsiooni perioodil - Demokraatlik liikumine

128. Eesti rahva kõikide jõudude koondamine vastupanuks välismaisele okupatsioonile, eesmärkide selgitamine, võitlusvaimu tõstmine, rahvusliku- ja ülddemokraatia ideede levitamine. 129. Pideva

VII EDL-i eesmärgid vene okupatsiooni perioodil
