{"id":11195,"date":"2021-08-16T19:08:37","date_gmt":"2021-08-16T19:08:37","guid":{"rendered":"https:\/\/demokraatlikliikumine.ee\/?post_type=dokumendid&#038;p=11195"},"modified":"2021-09-01T10:55:03","modified_gmt":"2021-09-01T10:55:03","slug":"xiii-maa-kaitse","status":"publish","type":"dokumendid","link":"https:\/\/demokraatlikliikumine.ee\/en\/dokumendid\/eesti-demokraatliku-liikumise-edl-programm\/xiii-maa-kaitse\/","title":{"rendered":"XIII Maa kaitse"},"content":{"rendered":"<p>267. Demokraatliku Eesti kaitse on iga tema kodaniku kohus. Maa kaitse agressori vastu, kelle eesm\u00e4rgiks on meie kodumaa v\u00e4givaldne anastamine \u2013 see on iga kodaniku isikuvabaduse ja \u00f5iguste kaitse.<br \/>\n268. Iga kodanik peab kaitsma vaba demokraatiat ja riiki v\u00e4lisagressiooni, terroristlike organisatsioonide ja s\u00f5jav\u00e4eliste riigip\u00f6\u00f6rdekatsete vastu.<br \/>\n269. S\u00f5jav\u00e4ekohuslasteks loetakse k\u00f5ik t\u00e4iskasvanud ja f\u00fc\u00fcsiliselt terved kodanikud, nii mehed kui ka naised, alates 16. eluaastast, kuni vanaduseni, mis v\u00f5imaldab veel j\u00f5ukohast panust maa kaitsesse.\t S\u00f5jav\u00e4ekohuslusest vabastatakse rasedad ja emad, kellel on kuni 5 aastaseid lapsi.<br \/>\n270. Kaitsej\u00f5ud formeeritakse ja kaitsej\u00f5udude \u00fclemjuhataja m\u00e4\u00e4ratakse Rahvuskogu poolt.<br \/>\n271. Kaitseministeerium formeerib tegevarmee ja territoriaalsed rahva kaitseliidu v\u00e4eosad, kuhu kuuluvad k\u00f5ik s\u00f5jav\u00e4ekohuslased.<br \/>\n272. Eesti territoorium on v\u00e4ike ja tema rahvaarv pole eriti suur. Ainult k\u00f5ikide kodanike, kogu rahvuse j\u00f5upingutusega oleme v\u00f5imelised kaitsma oma maa vabadust ja s\u00f5ltumatust.<br \/>\nKui kunagi kord peaks saabuma aeg, millal suured riigid desar- meeruvad, siis kaob ka meie rahval h\u00e4davajadus totaalse kaitses\u00fcsteemi j\u00e4rele.<br \/>\n273. Eesti riik pole nii suur, et ta suudaks mistahes agressori kallaletungi tagasi l\u00fc\u00fca. Kuid ajalugu on n\u00e4idanud, et mida t\u00f5sisemat vastupanu ollakse valmis osutama, seda v\u00e4iksem on kallaletungi oht. Nii tungis N\u00f5uk. Liit 1968. a. T\u00f0ehhoslovakkiasse, teades, et talle vastu ei hakata. Samal ajal pole ta senini s\u00f6andanud sisse tungida Rumeeniasse ja Jugoslaaviasse, kes n\u00e4itasid valmisolekut otsustavaks vastupanuks.<\/p>\n","protected":false},"excerpt":{"rendered":"<p>267. Demokraatliku Eesti kaitse on iga tema kodaniku kohus. Maa kaitse agressori vastu, kelle eesm\u00e4rgiks on meie kodumaa v\u00e4givaldne anastamine<\/p>\n","protected":false},"featured_media":0,"parent":11216,"menu_order":0,"template":"","format":"standard","meta":{"_acf_changed":false,"footnotes":""},"autorid":[89],"aasta":[90],"valjaanne":[],"toimiku_number":[],"class_list":["post-11195","dokumendid","type-dokumendid","status-publish","format-standard","hentry","autorid-eesti-demokraatlik-liikumine","aasta-90"],"acf":[],"yoast_head":"<!-- This site is optimized with the Yoast SEO plugin v25.8 - https:\/\/yoast.com\/wordpress\/plugins\/seo\/ -->\n<title>XIII Maa kaitse - Demokraatlik liikumine<\/title>\n<meta name=\"robots\" content=\"index, follow, max-snippet:-1, max-image-preview:large, max-video-preview:-1\" \/>\n<link rel=\"canonical\" href=\"https:\/\/demokraatlikliikumine.ee\/en\/dokumendid\/eesti-demokraatliku-liikumise-edl-programm\/xiii-maa-kaitse\/\" \/>\n<meta property=\"og:locale\" content=\"en_US\" \/>\n<meta property=\"og:type\" content=\"article\" \/>\n<meta property=\"og:title\" content=\"XIII Maa kaitse - Demokraatlik liikumine\" \/>\n<meta property=\"og:description\" content=\"267. Demokraatliku Eesti kaitse on iga tema kodaniku kohus. Maa kaitse agressori vastu, kelle eesm\u00e4rgiks on meie kodumaa v\u00e4givaldne anastamine\" \/>\n<meta property=\"og:url\" content=\"https:\/\/demokraatlikliikumine.ee\/en\/dokumendid\/eesti-demokraatliku-liikumise-edl-programm\/xiii-maa-kaitse\/\" \/>\n<meta property=\"og:site_name\" content=\"Demokraatlik liikumine\" \/>\n<meta property=\"article:modified_time\" content=\"2021-09-01T10:55:03+00:00\" \/>\n<meta name=\"twitter:card\" content=\"summary_large_image\" \/>\n<meta name=\"twitter:label1\" content=\"Est. reading time\" \/>\n\t<meta name=\"twitter:data1\" content=\"1 minute\" \/>\n<script type=\"application\/ld+json\" class=\"yoast-schema-graph\">{\"@context\":\"https:\/\/schema.org\",\"@graph\":[{\"@type\":\"WebPage\",\"@id\":\"https:\/\/demokraatlikliikumine.ee\/en\/dokumendid\/eesti-demokraatliku-liikumise-edl-programm\/xiii-maa-kaitse\/\",\"url\":\"https:\/\/demokraatlikliikumine.ee\/en\/dokumendid\/eesti-demokraatliku-liikumise-edl-programm\/xiii-maa-kaitse\/\",\"name\":\"XIII Maa kaitse - Demokraatlik liikumine\",\"isPartOf\":{\"@id\":\"https:\/\/demokraatlikliikumine.ee\/en\/#website\"},\"datePublished\":\"2021-08-16T19:08:37+00:00\",\"dateModified\":\"2021-09-01T10:55:03+00:00\",\"breadcrumb\":{\"@id\":\"https:\/\/demokraatlikliikumine.ee\/en\/dokumendid\/eesti-demokraatliku-liikumise-edl-programm\/xiii-maa-kaitse\/#breadcrumb\"},\"inLanguage\":\"en-US\",\"potentialAction\":[{\"@type\":\"ReadAction\",\"target\":[\"https:\/\/demokraatlikliikumine.ee\/en\/dokumendid\/eesti-demokraatliku-liikumise-edl-programm\/xiii-maa-kaitse\/\"]}]},{\"@type\":\"BreadcrumbList\",\"@id\":\"https:\/\/demokraatlikliikumine.ee\/en\/dokumendid\/eesti-demokraatliku-liikumise-edl-programm\/xiii-maa-kaitse\/#breadcrumb\",\"itemListElement\":[{\"@type\":\"ListItem\",\"position\":1,\"name\":\"Home\",\"item\":\"https:\/\/demokraatlikliikumine.ee\/en\/\"},{\"@type\":\"ListItem\",\"position\":2,\"name\":\"Eesti Demokraatliku Liikumise (EDL) Programm\",\"item\":\"https:\/\/demokraatlikliikumine.ee\/en\/dokumendid\/eesti-demokraatliku-liikumise-edl-programm\/\"},{\"@type\":\"ListItem\",\"position\":3,\"name\":\"XIII Maa kaitse\"}]},{\"@type\":\"WebSite\",\"@id\":\"https:\/\/demokraatlikliikumine.ee\/en\/#website\",\"url\":\"https:\/\/demokraatlikliikumine.ee\/en\/\",\"name\":\"Demokraatlik liikumine\",\"description\":\"Just another WordPress site\",\"potentialAction\":[{\"@type\":\"SearchAction\",\"target\":{\"@type\":\"EntryPoint\",\"urlTemplate\":\"https:\/\/demokraatlikliikumine.ee\/en\/?s={search_term_string}\"},\"query-input\":{\"@type\":\"PropertyValueSpecification\",\"valueRequired\":true,\"valueName\":\"search_term_string\"}}],\"inLanguage\":\"en-US\"}]}<\/script>\n<!-- \/ Yoast SEO plugin. -->","yoast_head_json":{"title":"XIII Maa kaitse - Demokraatlik liikumine","robots":{"index":"index","follow":"follow","max-snippet":"max-snippet:-1","max-image-preview":"max-image-preview:large","max-video-preview":"max-video-preview:-1"},"canonical":"https:\/\/demokraatlikliikumine.ee\/en\/dokumendid\/eesti-demokraatliku-liikumise-edl-programm\/xiii-maa-kaitse\/","og_locale":"en_US","og_type":"article","og_title":"XIII Maa kaitse - Demokraatlik liikumine","og_description":"267. Demokraatliku Eesti kaitse on iga tema kodaniku kohus. Maa kaitse agressori vastu, kelle eesm\u00e4rgiks on meie kodumaa v\u00e4givaldne anastamine","og_url":"https:\/\/demokraatlikliikumine.ee\/en\/dokumendid\/eesti-demokraatliku-liikumise-edl-programm\/xiii-maa-kaitse\/","og_site_name":"Demokraatlik liikumine","article_modified_time":"2021-09-01T10:55:03+00:00","twitter_card":"summary_large_image","twitter_misc":{"Est. reading time":"1 minute"},"schema":{"@context":"https:\/\/schema.org","@graph":[{"@type":"WebPage","@id":"https:\/\/demokraatlikliikumine.ee\/en\/dokumendid\/eesti-demokraatliku-liikumise-edl-programm\/xiii-maa-kaitse\/","url":"https:\/\/demokraatlikliikumine.ee\/en\/dokumendid\/eesti-demokraatliku-liikumise-edl-programm\/xiii-maa-kaitse\/","name":"XIII Maa kaitse - Demokraatlik liikumine","isPartOf":{"@id":"https:\/\/demokraatlikliikumine.ee\/en\/#website"},"datePublished":"2021-08-16T19:08:37+00:00","dateModified":"2021-09-01T10:55:03+00:00","breadcrumb":{"@id":"https:\/\/demokraatlikliikumine.ee\/en\/dokumendid\/eesti-demokraatliku-liikumise-edl-programm\/xiii-maa-kaitse\/#breadcrumb"},"inLanguage":"en-US","potentialAction":[{"@type":"ReadAction","target":["https:\/\/demokraatlikliikumine.ee\/en\/dokumendid\/eesti-demokraatliku-liikumise-edl-programm\/xiii-maa-kaitse\/"]}]},{"@type":"BreadcrumbList","@id":"https:\/\/demokraatlikliikumine.ee\/en\/dokumendid\/eesti-demokraatliku-liikumise-edl-programm\/xiii-maa-kaitse\/#breadcrumb","itemListElement":[{"@type":"ListItem","position":1,"name":"Home","item":"https:\/\/demokraatlikliikumine.ee\/en\/"},{"@type":"ListItem","position":2,"name":"Eesti Demokraatliku Liikumise (EDL) Programm","item":"https:\/\/demokraatlikliikumine.ee\/en\/dokumendid\/eesti-demokraatliku-liikumise-edl-programm\/"},{"@type":"ListItem","position":3,"name":"XIII Maa kaitse"}]},{"@type":"WebSite","@id":"https:\/\/demokraatlikliikumine.ee\/en\/#website","url":"https:\/\/demokraatlikliikumine.ee\/en\/","name":"Demokraatlik liikumine","description":"Just another WordPress site","potentialAction":[{"@type":"SearchAction","target":{"@type":"EntryPoint","urlTemplate":"https:\/\/demokraatlikliikumine.ee\/en\/?s={search_term_string}"},"query-input":{"@type":"PropertyValueSpecification","valueRequired":true,"valueName":"search_term_string"}}],"inLanguage":"en-US"}]}},"_links":{"self":[{"href":"https:\/\/demokraatlikliikumine.ee\/en\/wp-json\/wp\/v2\/dokumendid\/11195","targetHints":{"allow":["GET"]}}],"collection":[{"href":"https:\/\/demokraatlikliikumine.ee\/en\/wp-json\/wp\/v2\/dokumendid"}],"about":[{"href":"https:\/\/demokraatlikliikumine.ee\/en\/wp-json\/wp\/v2\/types\/dokumendid"}],"version-history":[{"count":3,"href":"https:\/\/demokraatlikliikumine.ee\/en\/wp-json\/wp\/v2\/dokumendid\/11195\/revisions"}],"predecessor-version":[{"id":11330,"href":"https:\/\/demokraatlikliikumine.ee\/en\/wp-json\/wp\/v2\/dokumendid\/11195\/revisions\/11330"}],"up":[{"embeddable":true,"href":"https:\/\/demokraatlikliikumine.ee\/en\/wp-json\/wp\/v2\/dokumendid\/11216"}],"wp:attachment":[{"href":"https:\/\/demokraatlikliikumine.ee\/en\/wp-json\/wp\/v2\/media?parent=11195"}],"wp:term":[{"taxonomy":"autorid","embeddable":true,"href":"https:\/\/demokraatlikliikumine.ee\/en\/wp-json\/wp\/v2\/autorid?post=11195"},{"taxonomy":"aasta","embeddable":true,"href":"https:\/\/demokraatlikliikumine.ee\/en\/wp-json\/wp\/v2\/aasta?post=11195"},{"taxonomy":"valjaanne","embeddable":true,"href":"https:\/\/demokraatlikliikumine.ee\/en\/wp-json\/wp\/v2\/valjaanne?post=11195"},{"taxonomy":"toimiku_number","embeddable":true,"href":"https:\/\/demokraatlikliikumine.ee\/en\/wp-json\/wp\/v2\/toimiku_number?post=11195"}],"curies":[{"name":"wp","href":"https:\/\/api.w.org\/{rel}","templated":true}]}}

<p>267. Demokraatliku Eesti kaitse on iga tema kodaniku kohus. Maa kaitse agressori vastu, kelle eesmärgiks on meie kodumaa vägivaldne anastamine – see on iga kodaniku isikuvabaduse ja õiguste kaitse.<br />
268. Iga kodanik peab kaitsma vaba demokraatiat ja riiki välisagressiooni, terroristlike organisatsioonide ja sõjaväeliste riigipöördekatsete vastu.<br />
269. Sõjaväekohuslasteks loetakse kõik täiskasvanud ja füüsiliselt terved kodanikud, nii mehed kui ka naised, alates 16. eluaastast, kuni vanaduseni, mis võimaldab veel jõukohast panust maa kaitsesse.	 Sõjaväekohuslusest vabastatakse rasedad ja emad, kellel on kuni 5 aastaseid lapsi.<br />
270. Kaitsejõud formeeritakse ja kaitsejõudude ülemjuhataja määratakse Rahvuskogu poolt.<br />
271. Kaitseministeerium formeerib tegevarmee ja territoriaalsed rahva kaitseliidu väeosad, kuhu kuuluvad kõik sõjaväekohuslased.<br />
272. Eesti territoorium on väike ja tema rahvaarv pole eriti suur. Ainult kõikide kodanike, kogu rahvuse jõupingutusega oleme võimelised kaitsma oma maa vabadust ja sõltumatust.<br />
Kui kunagi kord peaks saabuma aeg, millal suured riigid desar- meeruvad, siis kaob ka meie rahval hädavajadus totaalse kaitsesüsteemi järele.<br />
273. Eesti riik pole nii suur, et ta suudaks mistahes agressori kallaletungi tagasi lüüa. Kuid ajalugu on näidanud, et mida tõsisemat vastupanu ollakse valmis osutama, seda väiksem on kallaletungi oht. Nii tungis Nõuk. Liit 1968. a. Tðehhoslovakkiasse, teades, et talle vastu ei hakata. Samal ajal pole ta senini söandanud sisse tungida Rumeeniasse ja Jugoslaaviasse, kes näitasid valmisolekut otsustavaks vastupanuks.</p>

<p>267. Demokraatliku Eesti kaitse on iga tema kodaniku kohus. Maa kaitse agressori vastu, kelle eesmärgiks on meie kodumaa vägivaldne anastamine</p>

<!-- This site is optimized with the Yoast SEO plugin v25.8 - https://yoast.com/wordpress/plugins/seo/ -->
<title>XIII Maa kaitse - Demokraatlik liikumine</title>
<meta name="robots" content="index, follow, max-snippet:-1, max-image-preview:large, max-video-preview:-1" />
<link rel="canonical" href="https://demokraatlikliikumine.ee/en/dokumendid/eesti-demokraatliku-liikumise-edl-programm/xiii-maa-kaitse/" />
<meta property="og:locale" content="en_US" />
<meta property="og:type" content="article" />
<meta property="og:title" content="XIII Maa kaitse - Demokraatlik liikumine" />
<meta property="og:description" content="267. Demokraatliku Eesti kaitse on iga tema kodaniku kohus. Maa kaitse agressori vastu, kelle eesmärgiks on meie kodumaa vägivaldne anastamine" />
<meta property="og:url" content="https://demokraatlikliikumine.ee/en/dokumendid/eesti-demokraatliku-liikumise-edl-programm/xiii-maa-kaitse/" />
<meta property="og:site_name" content="Demokraatlik liikumine" />
<meta property="article:modified_time" content="2021-09-01T10:55:03+00:00" />
<meta name="twitter:card" content="summary_large_image" />
<meta name="twitter:label1" content="Est. reading time" />
	<meta name="twitter:data1" content="1 minute" />
<script type="application/ld+json" class="yoast-schema-graph">{"@context":"https://schema.org","@graph":[{"@type":"WebPage","@id":"https://demokraatlikliikumine.ee/en/dokumendid/eesti-demokraatliku-liikumise-edl-programm/xiii-maa-kaitse/","url":"https://demokraatlikliikumine.ee/en/dokumendid/eesti-demokraatliku-liikumise-edl-programm/xiii-maa-kaitse/","name":"XIII Maa kaitse - Demokraatlik liikumine","isPartOf":{"@id":"https://demokraatlikliikumine.ee/en/#website"},"datePublished":"2021-08-16T19:08:37+00:00","dateModified":"2021-09-01T10:55:03+00:00","breadcrumb":{"@id":"https://demokraatlikliikumine.ee/en/dokumendid/eesti-demokraatliku-liikumise-edl-programm/xiii-maa-kaitse/#breadcrumb"},"inLanguage":"en-US","potentialAction":[{"@type":"ReadAction","target":["https://demokraatlikliikumine.ee/en/dokumendid/eesti-demokraatliku-liikumise-edl-programm/xiii-maa-kaitse/"]}]},{"@type":"BreadcrumbList","@id":"https://demokraatlikliikumine.ee/en/dokumendid/eesti-demokraatliku-liikumise-edl-programm/xiii-maa-kaitse/#breadcrumb","itemListElement":[{"@type":"ListItem","position":1,"name":"Home","item":"https://demokraatlikliikumine.ee/en/"},{"@type":"ListItem","position":2,"name":"Eesti Demokraatliku Liikumise (EDL) Programm","item":"https://demokraatlikliikumine.ee/en/dokumendid/eesti-demokraatliku-liikumise-edl-programm/"},{"@type":"ListItem","position":3,"name":"XIII Maa kaitse"}]},{"@type":"WebSite","@id":"https://demokraatlikliikumine.ee/en/#website","url":"https://demokraatlikliikumine.ee/en/","name":"Demokraatlik liikumine","description":"Just another WordPress site","potentialAction":[{"@type":"SearchAction","target":{"@type":"EntryPoint","urlTemplate":"https://demokraatlikliikumine.ee/en/?s={search_term_string}"},"query-input":{"@type":"PropertyValueSpecification","valueRequired":true,"valueName":"search_term_string"}}],"inLanguage":"en-US"}]}</script>
<!-- / Yoast SEO plugin. -->

267. Demokraatliku Eesti kaitse on iga tema kodaniku kohus. Maa kaitse agressori vastu, kelle eesmärgiks on meie kodumaa vägivaldne anastamine
