{"id":11132,"date":"2021-08-16T18:46:13","date_gmt":"2021-08-16T18:46:13","guid":{"rendered":"https:\/\/demokraatlikliikumine.ee\/?post_type=uurimused&#038;p=11132"},"modified":"2021-10-27T19:24:52","modified_gmt":"2021-10-27T19:24:52","slug":"ii-sula-ja-inimnaoline-sotsialism","status":"publish","type":"uurimused","link":"https:\/\/demokraatlikliikumine.ee\/en\/uurimused\/ii-sula-ja-inimnaoline-sotsialism\/","title":{"rendered":"II Sula ja inimn\u00e4oline sotsialism"},"content":{"rendered":"<p>Eellooks oli k\u00fcmneaastane &#8220;sulaperiood&#8221; N Liidus. Nikita Hru\u0161t\u0161ovi, N\u00f5ukogude Liidu Kommunistliku Partei peasekret\u00e4ri 1956?-1964, valitsemisajal taunis kommunistlik re\u017eiim NLKP eelmise peasekret\u00e4ri Jossif D\u017euga\u0161vili (Stalin) terroristlike meetodite karmust, v\u00f5imaldas m\u00f5ningaid inim\u00f5igusi (nt lubas suhelda L\u00e4\u00e4nes elavate sugulastega), vabastas enamiku poliitvange. Rahva seas tekkis lootus, et kommunismil leidub ka senituntust helgem v\u00f5i v\u00e4hemalt veretu pale. Re\u017eiimi liberaliseerumise tulemuseks oli muuhulgas elukvaliteedi paranemine, mis avaldas eriti suurt m\u00f5ju sellele, et kujunes ulatuslik koost\u00f6\u00f6valmidus re\u017eiimiga.<br \/>\n1960. aastate keskel toimus N Liidu kommunistliku re\u017eiimi tegutsemismeetodeis muutus. Hru\u0161t\u0161ov tagandati, NLKP uueks peasekret\u00e4riks sai Leonid Bre\u017enev. N Liidu ajaloo j\u00e4rgmist etappi 1965-1984 iseloomustab tagasip\u00f6\u00f6rdumine ortodoksse kommunismi juurde.<br \/>\nEsimene laia k\u00f5lapinnaga repressioon oli Moskva kirjanike Andrei Sinjavski ja Juli Danieli arreteerimine aastal 1965 ning karistamine vastavalt seitsme- ja viieaastase vangistusega. Nende kuriteoks oli oma teoste avaldamine L\u00e4\u00e4nes. Vastuseks koguti inim\u00f5iguslaste eestv\u00f5ttel \u00fcle kogu N Liidu tuhandeid allkirju kirjanike kaitseks ning juhiti t\u00e4helepanu asjaolule, et re\u017eiimi l\u00f5dvenemine on peatunud ja sealt on vaid samm stalinismi ilmingute taastumiseni. (Niitsoo 1997: 80)<br \/>\nSiiski veel m\u00f5nda aega valitses suhteline vabameelsus. Kevadel 1968 alustati T\u0161ehhoslovakkias re\u017eiimi reformimise katset: &#8220;inimn\u00e4olise sotsialismi&#8221; sildi varjus n\u00f5rgenesid seal p\u00e4evp\u00e4evalt kommunistliku re\u017eiimi positsioonid, massiliselt levis manifest &#8220;Kaks tuhat s\u00f5na&#8221; ja iga\u00fcks v\u00f5is takistamatult propageerida oma vaateid. L\u00e4\u00e4ne-Euroopas, eriti Prantsusmaal toimusid samal ajal sotsialistlike loosungite all \u00fcli\u00f5pilasrahutused, j\u00e4ttes mulje arenguprotsesside s\u00fcnkroonsusest siin- ja sealpool &#8220;raudeesriiet&#8221;.<br \/>\n30. aprillil 1968 ilmus Moskvas esimene number dissidentliku liikumise keskset p\u00f5randaalust ajakirja &#8221; Hronika teku\u0161t\u0161ih sob\u00f5tii &#8221; (\u201cJooksvate s\u00fcndmuste kroonika\u201d, edaspidi \u201cHronika\u2026\u201d), mis seadis eesm\u00e4rgiks koondada materjale inim\u00f5iguste rikkumisest N Liidus (Niitsoo 1997: 81). Suvel 1968 levis laialdaselt kolmekordse sotsialistliku t\u00f6\u00f6 kangelase, N Liidu vesinikupommi leiutaja akadeemik Andrei Sahharovi suitsupaberile tr\u00fckitud bro\u0161\u00fc\u00fcr &#8220;M\u00f5tisklusi progressist, rahumeelsest kooseksisteerimisest ja intellektuaalsest vabadusest&#8221; (RA, ERAF.129SM.1.29079-1., KD. 15., L. 57.-81.), mis pretendeeris saama N Liidu \u00fchtse demokraatliku liikumise programmiliseks algdokumendiks (Soldatov 1984: 172).<br \/>\nJuba hakkasid ka Eestis nooremad inimesed vabalt hingama (vanemad inimesed olid \u00fcldjuhul Stalini-aegsete repressioonide halvava m\u00f5ju all), juba p\u00fc\u00fcti tunda end samal lainel olevat biitlite, hipide ja Marcusega. Ja siis \u00e4kki s\u00fcgis 1968: tankid Praha kesklinnas, laibad, reformikommunismi l\u00f5pp. L\u00e4\u00e4s sotsialismile inimn\u00e4gu andjatele appi ei tulnud. Sahharovi soovitused kommunistliku re\u017eiimi liberaliseerimiseks vananesid eos.<\/p>\n","protected":false},"excerpt":{"rendered":"<p>Eellooks oli k\u00fcmneaastane &#8220;sulaperiood&#8221; N Liidus. Nikita Hru\u0161t\u0161ovi, N\u00f5ukogude Liidu Kommunistliku Partei peasekret\u00e4ri 1956?-1964, valitsemisajal taunis kommunistlik re\u017eiim NLKP eelmise<\/p>\n","protected":false},"featured_media":0,"parent":0,"menu_order":0,"template":"","format":"standard","meta":{"_acf_changed":false,"footnotes":""},"autorid":[],"aasta":[],"valjaanne":[],"class_list":["post-11132","uurimused","type-uurimused","status-publish","format-standard","hentry"],"acf":[],"yoast_head":"<!-- This site is optimized with the Yoast SEO plugin v25.8 - https:\/\/yoast.com\/wordpress\/plugins\/seo\/ -->\n<title>II Sula ja inimn\u00e4oline sotsialism - Demokraatlik liikumine<\/title>\n<meta name=\"robots\" content=\"index, follow, max-snippet:-1, max-image-preview:large, max-video-preview:-1\" \/>\n<link rel=\"canonical\" href=\"https:\/\/demokraatlikliikumine.ee\/en\/uurimused\/ii-sula-ja-inimnaoline-sotsialism\/\" \/>\n<meta property=\"og:locale\" content=\"en_US\" \/>\n<meta property=\"og:type\" content=\"article\" \/>\n<meta property=\"og:title\" content=\"II Sula ja inimn\u00e4oline sotsialism - Demokraatlik liikumine\" \/>\n<meta property=\"og:description\" content=\"Eellooks oli k\u00fcmneaastane &#8220;sulaperiood&#8221; N Liidus. Nikita Hru\u0161t\u0161ovi, N\u00f5ukogude Liidu Kommunistliku Partei peasekret\u00e4ri 1956?-1964, valitsemisajal taunis kommunistlik re\u017eiim NLKP eelmise\" \/>\n<meta property=\"og:url\" content=\"https:\/\/demokraatlikliikumine.ee\/en\/uurimused\/ii-sula-ja-inimnaoline-sotsialism\/\" \/>\n<meta property=\"og:site_name\" content=\"Demokraatlik liikumine\" \/>\n<meta property=\"article:modified_time\" content=\"2021-10-27T19:24:52+00:00\" \/>\n<meta name=\"twitter:card\" content=\"summary_large_image\" \/>\n<meta name=\"twitter:label1\" content=\"Est. reading time\" \/>\n\t<meta name=\"twitter:data1\" content=\"2 minutes\" \/>\n<script type=\"application\/ld+json\" class=\"yoast-schema-graph\">{\"@context\":\"https:\/\/schema.org\",\"@graph\":[{\"@type\":\"WebPage\",\"@id\":\"https:\/\/demokraatlikliikumine.ee\/en\/uurimused\/ii-sula-ja-inimnaoline-sotsialism\/\",\"url\":\"https:\/\/demokraatlikliikumine.ee\/en\/uurimused\/ii-sula-ja-inimnaoline-sotsialism\/\",\"name\":\"II Sula ja inimn\u00e4oline sotsialism - Demokraatlik liikumine\",\"isPartOf\":{\"@id\":\"https:\/\/demokraatlikliikumine.ee\/en\/#website\"},\"datePublished\":\"2021-08-16T18:46:13+00:00\",\"dateModified\":\"2021-10-27T19:24:52+00:00\",\"breadcrumb\":{\"@id\":\"https:\/\/demokraatlikliikumine.ee\/en\/uurimused\/ii-sula-ja-inimnaoline-sotsialism\/#breadcrumb\"},\"inLanguage\":\"en-US\",\"potentialAction\":[{\"@type\":\"ReadAction\",\"target\":[\"https:\/\/demokraatlikliikumine.ee\/en\/uurimused\/ii-sula-ja-inimnaoline-sotsialism\/\"]}]},{\"@type\":\"BreadcrumbList\",\"@id\":\"https:\/\/demokraatlikliikumine.ee\/en\/uurimused\/ii-sula-ja-inimnaoline-sotsialism\/#breadcrumb\",\"itemListElement\":[{\"@type\":\"ListItem\",\"position\":1,\"name\":\"Home\",\"item\":\"https:\/\/demokraatlikliikumine.ee\/en\/\"},{\"@type\":\"ListItem\",\"position\":2,\"name\":\"II Sula ja inimn\u00e4oline sotsialism\"}]},{\"@type\":\"WebSite\",\"@id\":\"https:\/\/demokraatlikliikumine.ee\/en\/#website\",\"url\":\"https:\/\/demokraatlikliikumine.ee\/en\/\",\"name\":\"Demokraatlik liikumine\",\"description\":\"Just another WordPress site\",\"potentialAction\":[{\"@type\":\"SearchAction\",\"target\":{\"@type\":\"EntryPoint\",\"urlTemplate\":\"https:\/\/demokraatlikliikumine.ee\/en\/?s={search_term_string}\"},\"query-input\":{\"@type\":\"PropertyValueSpecification\",\"valueRequired\":true,\"valueName\":\"search_term_string\"}}],\"inLanguage\":\"en-US\"}]}<\/script>\n<!-- \/ Yoast SEO plugin. -->","yoast_head_json":{"title":"II Sula ja inimn\u00e4oline sotsialism - Demokraatlik liikumine","robots":{"index":"index","follow":"follow","max-snippet":"max-snippet:-1","max-image-preview":"max-image-preview:large","max-video-preview":"max-video-preview:-1"},"canonical":"https:\/\/demokraatlikliikumine.ee\/en\/uurimused\/ii-sula-ja-inimnaoline-sotsialism\/","og_locale":"en_US","og_type":"article","og_title":"II Sula ja inimn\u00e4oline sotsialism - Demokraatlik liikumine","og_description":"Eellooks oli k\u00fcmneaastane &#8220;sulaperiood&#8221; N Liidus. Nikita Hru\u0161t\u0161ovi, N\u00f5ukogude Liidu Kommunistliku Partei peasekret\u00e4ri 1956?-1964, valitsemisajal taunis kommunistlik re\u017eiim NLKP eelmise","og_url":"https:\/\/demokraatlikliikumine.ee\/en\/uurimused\/ii-sula-ja-inimnaoline-sotsialism\/","og_site_name":"Demokraatlik liikumine","article_modified_time":"2021-10-27T19:24:52+00:00","twitter_card":"summary_large_image","twitter_misc":{"Est. reading time":"2 minutes"},"schema":{"@context":"https:\/\/schema.org","@graph":[{"@type":"WebPage","@id":"https:\/\/demokraatlikliikumine.ee\/en\/uurimused\/ii-sula-ja-inimnaoline-sotsialism\/","url":"https:\/\/demokraatlikliikumine.ee\/en\/uurimused\/ii-sula-ja-inimnaoline-sotsialism\/","name":"II Sula ja inimn\u00e4oline sotsialism - Demokraatlik liikumine","isPartOf":{"@id":"https:\/\/demokraatlikliikumine.ee\/en\/#website"},"datePublished":"2021-08-16T18:46:13+00:00","dateModified":"2021-10-27T19:24:52+00:00","breadcrumb":{"@id":"https:\/\/demokraatlikliikumine.ee\/en\/uurimused\/ii-sula-ja-inimnaoline-sotsialism\/#breadcrumb"},"inLanguage":"en-US","potentialAction":[{"@type":"ReadAction","target":["https:\/\/demokraatlikliikumine.ee\/en\/uurimused\/ii-sula-ja-inimnaoline-sotsialism\/"]}]},{"@type":"BreadcrumbList","@id":"https:\/\/demokraatlikliikumine.ee\/en\/uurimused\/ii-sula-ja-inimnaoline-sotsialism\/#breadcrumb","itemListElement":[{"@type":"ListItem","position":1,"name":"Home","item":"https:\/\/demokraatlikliikumine.ee\/en\/"},{"@type":"ListItem","position":2,"name":"II Sula ja inimn\u00e4oline sotsialism"}]},{"@type":"WebSite","@id":"https:\/\/demokraatlikliikumine.ee\/en\/#website","url":"https:\/\/demokraatlikliikumine.ee\/en\/","name":"Demokraatlik liikumine","description":"Just another WordPress site","potentialAction":[{"@type":"SearchAction","target":{"@type":"EntryPoint","urlTemplate":"https:\/\/demokraatlikliikumine.ee\/en\/?s={search_term_string}"},"query-input":{"@type":"PropertyValueSpecification","valueRequired":true,"valueName":"search_term_string"}}],"inLanguage":"en-US"}]}},"_links":{"self":[{"href":"https:\/\/demokraatlikliikumine.ee\/en\/wp-json\/wp\/v2\/uurimused\/11132","targetHints":{"allow":["GET"]}}],"collection":[{"href":"https:\/\/demokraatlikliikumine.ee\/en\/wp-json\/wp\/v2\/uurimused"}],"about":[{"href":"https:\/\/demokraatlikliikumine.ee\/en\/wp-json\/wp\/v2\/types\/uurimused"}],"version-history":[{"count":3,"href":"https:\/\/demokraatlikliikumine.ee\/en\/wp-json\/wp\/v2\/uurimused\/11132\/revisions"}],"predecessor-version":[{"id":12133,"href":"https:\/\/demokraatlikliikumine.ee\/en\/wp-json\/wp\/v2\/uurimused\/11132\/revisions\/12133"}],"wp:attachment":[{"href":"https:\/\/demokraatlikliikumine.ee\/en\/wp-json\/wp\/v2\/media?parent=11132"}],"wp:term":[{"taxonomy":"autorid","embeddable":true,"href":"https:\/\/demokraatlikliikumine.ee\/en\/wp-json\/wp\/v2\/autorid?post=11132"},{"taxonomy":"aasta","embeddable":true,"href":"https:\/\/demokraatlikliikumine.ee\/en\/wp-json\/wp\/v2\/aasta?post=11132"},{"taxonomy":"valjaanne","embeddable":true,"href":"https:\/\/demokraatlikliikumine.ee\/en\/wp-json\/wp\/v2\/valjaanne?post=11132"}],"curies":[{"name":"wp","href":"https:\/\/api.w.org\/{rel}","templated":true}]}}

II Sula ja inimnäoline sotsialism

<p>Eellooks oli kümneaastane &#8220;sulaperiood&#8221; N Liidus. Nikita Hruštšovi, Nõukogude Liidu Kommunistliku Partei peasekretäri 1956?-1964, valitsemisajal taunis kommunistlik režiim NLKP eelmise peasekretäri Jossif Džugašvili (Stalin) terroristlike meetodite karmust, võimaldas mõningaid inimõigusi (nt lubas suhelda Läänes elavate sugulastega), vabastas enamiku poliitvange. Rahva seas tekkis lootus, et kommunismil leidub ka senituntust helgem või vähemalt veretu pale. Režiimi liberaliseerumise tulemuseks oli muuhulgas elukvaliteedi paranemine, mis avaldas eriti suurt mõju sellele, et kujunes ulatuslik koostöövalmidus režiimiga.<br />
1960. aastate keskel toimus N Liidu kommunistliku režiimi tegutsemismeetodeis muutus. Hruštšov tagandati, NLKP uueks peasekretäriks sai Leonid Brežnev. N Liidu ajaloo järgmist etappi 1965-1984 iseloomustab tagasipöördumine ortodoksse kommunismi juurde.<br />
Esimene laia kõlapinnaga repressioon oli Moskva kirjanike Andrei Sinjavski ja Juli Danieli arreteerimine aastal 1965 ning karistamine vastavalt seitsme- ja viieaastase vangistusega. Nende kuriteoks oli oma teoste avaldamine Läänes. Vastuseks koguti inimõiguslaste eestvõttel üle kogu N Liidu tuhandeid allkirju kirjanike kaitseks ning juhiti tähelepanu asjaolule, et režiimi lõdvenemine on peatunud ja sealt on vaid samm stalinismi ilmingute taastumiseni. (Niitsoo 1997: 80)<br />
Siiski veel mõnda aega valitses suhteline vabameelsus. Kevadel 1968 alustati Tšehhoslovakkias režiimi reformimise katset: &#8220;inimnäolise sotsialismi&#8221; sildi varjus nõrgenesid seal päevpäevalt kommunistliku režiimi positsioonid, massiliselt levis manifest &#8220;Kaks tuhat sõna&#8221; ja igaüks võis takistamatult propageerida oma vaateid. Lääne-Euroopas, eriti Prantsusmaal toimusid samal ajal sotsialistlike loosungite all üliõpilasrahutused, jättes mulje arenguprotsesside sünkroonsusest siin- ja sealpool &#8220;raudeesriiet&#8221;.<br />
30. aprillil 1968 ilmus Moskvas esimene number dissidentliku liikumise keskset põrandaalust ajakirja &#8221; Hronika tekuštših sobõtii &#8221; (“Jooksvate sündmuste kroonika”, edaspidi “Hronika…”), mis seadis eesmärgiks koondada materjale inimõiguste rikkumisest N Liidus (Niitsoo 1997: 81). Suvel 1968 levis laialdaselt kolmekordse sotsialistliku töö kangelase, N Liidu vesinikupommi leiutaja akadeemik Andrei Sahharovi suitsupaberile trükitud brošüür &#8220;Mõtisklusi progressist, rahumeelsest kooseksisteerimisest ja intellektuaalsest vabadusest&#8221; (RA, ERAF.129SM.1.29079-1., KD. 15., L. 57.-81.), mis pretendeeris saama N Liidu ühtse demokraatliku liikumise programmiliseks algdokumendiks (Soldatov 1984: 172).<br />
Juba hakkasid ka Eestis nooremad inimesed vabalt hingama (vanemad inimesed olid üldjuhul Stalini-aegsete repressioonide halvava mõju all), juba püüti tunda end samal lainel olevat biitlite, hipide ja Marcusega. Ja siis äkki sügis 1968: tankid Praha kesklinnas, laibad, reformikommunismi lõpp. Lääs sotsialismile inimnägu andjatele appi ei tulnud. Sahharovi soovitused kommunistliku režiimi liberaliseerimiseks vananesid eos.</p>

<p>Eellooks oli kümneaastane &#8220;sulaperiood&#8221; N Liidus. Nikita Hruštšovi, Nõukogude Liidu Kommunistliku Partei peasekretäri 1956?-1964, valitsemisajal taunis kommunistlik režiim NLKP eelmise</p>

<!-- This site is optimized with the Yoast SEO plugin v25.8 - https://yoast.com/wordpress/plugins/seo/ -->
<title>II Sula ja inimnäoline sotsialism - Demokraatlik liikumine</title>
<meta name="robots" content="index, follow, max-snippet:-1, max-image-preview:large, max-video-preview:-1" />
<link rel="canonical" href="https://demokraatlikliikumine.ee/en/uurimused/ii-sula-ja-inimnaoline-sotsialism/" />
<meta property="og:locale" content="en_US" />
<meta property="og:type" content="article" />
<meta property="og:title" content="II Sula ja inimnäoline sotsialism - Demokraatlik liikumine" />
<meta property="og:description" content="Eellooks oli kümneaastane &#8220;sulaperiood&#8221; N Liidus. Nikita Hruštšovi, Nõukogude Liidu Kommunistliku Partei peasekretäri 1956?-1964, valitsemisajal taunis kommunistlik režiim NLKP eelmise" />
<meta property="og:url" content="https://demokraatlikliikumine.ee/en/uurimused/ii-sula-ja-inimnaoline-sotsialism/" />
<meta property="og:site_name" content="Demokraatlik liikumine" />
<meta property="article:modified_time" content="2021-10-27T19:24:52+00:00" />
<meta name="twitter:card" content="summary_large_image" />
<meta name="twitter:label1" content="Est. reading time" />
	<meta name="twitter:data1" content="2 minutes" />
<script type="application/ld+json" class="yoast-schema-graph">{"@context":"https://schema.org","@graph":[{"@type":"WebPage","@id":"https://demokraatlikliikumine.ee/en/uurimused/ii-sula-ja-inimnaoline-sotsialism/","url":"https://demokraatlikliikumine.ee/en/uurimused/ii-sula-ja-inimnaoline-sotsialism/","name":"II Sula ja inimnäoline sotsialism - Demokraatlik liikumine","isPartOf":{"@id":"https://demokraatlikliikumine.ee/en/#website"},"datePublished":"2021-08-16T18:46:13+00:00","dateModified":"2021-10-27T19:24:52+00:00","breadcrumb":{"@id":"https://demokraatlikliikumine.ee/en/uurimused/ii-sula-ja-inimnaoline-sotsialism/#breadcrumb"},"inLanguage":"en-US","potentialAction":[{"@type":"ReadAction","target":["https://demokraatlikliikumine.ee/en/uurimused/ii-sula-ja-inimnaoline-sotsialism/"]}]},{"@type":"BreadcrumbList","@id":"https://demokraatlikliikumine.ee/en/uurimused/ii-sula-ja-inimnaoline-sotsialism/#breadcrumb","itemListElement":[{"@type":"ListItem","position":1,"name":"Home","item":"https://demokraatlikliikumine.ee/en/"},{"@type":"ListItem","position":2,"name":"II Sula ja inimnäoline sotsialism"}]},{"@type":"WebSite","@id":"https://demokraatlikliikumine.ee/en/#website","url":"https://demokraatlikliikumine.ee/en/","name":"Demokraatlik liikumine","description":"Just another WordPress site","potentialAction":[{"@type":"SearchAction","target":{"@type":"EntryPoint","urlTemplate":"https://demokraatlikliikumine.ee/en/?s={search_term_string}"},"query-input":{"@type":"PropertyValueSpecification","valueRequired":true,"valueName":"search_term_string"}}],"inLanguage":"en-US"}]}</script>
<!-- / Yoast SEO plugin. -->

II Sula ja inimnäoline sotsialism - Demokraatlik liikumine

Eellooks oli kümneaastane &#8220;sulaperiood&#8221; N Liidus. Nikita Hruštšovi, Nõukogude Liidu Kommunistliku Partei peasekretäri 1956?-1964, valitsemisajal taunis kommunistlik režiim NLKP eelmise
